valuate 169 + -177 - (-45 + 6).
31
What is the value of 24 - 2 - (34 - 69 - -3)?
54
What is -56 + (107 + 8 - 49)?
10
What is the value of -454 + 315 - (-14 + -42)?
-83
Evaluate -46 + 37 + 11 - 24.
-22
What is the value of -8 + (23 - (-8 - -52))?
-29
What is -140 + 90 + 55 + 90?
95
Evaluate 3 + 4 - (10 + (-9 + -121 - -22)).
105
0 + 24 - (496 - 474) - (4 + 4 + 7)
-13
What is 54 - ((-21 - -81) + -24) - 105?
-87
What is 0 + 7 + ((11 + -7 - 9) + -2 - 11)?
-11
What is -94 + 6 + 20 + 9 + 10?
-49
What is the value of -140 - (15 + -43 + 52 - 44)?
-120
Calculate 3 + 5 + 0 - (722 - 776).
62
Calculate (-32 - (4 + -10) - 16) + (-6 - 4).
-52
Calculate -8 + (-36 + (13 - -7) - -19 - -9).
4
What is (-44 - (-27 - -19)) + 57?
21
Evaluate (-5 - (34 + -20)) + 1 + -17.
-35
Evaluate 2 - (-14 + (3 + 1 - 3)).
15
What is the value of 0 + (47 - 146) - (5 - -15) - (-2 + -1)?
-116
78 + (-3 - 37) + -16
22
What is the value of 495 + -534 - (-1 + -64)?
26
Evaluate 1531 + -1606 - (6 - (-1 - -3)).
-79
15 + (6 - -7 - (85 + -59))
2
What is (68 - 25) + -18 + -21?
4
Calculate (-24 - (-54 + 24 - 2)) + -20.
-12
Evaluate (-3 + (10 - -4) - (81 + -80)) + -8.
2
What is the value of -11 + 0 - ((12 - 6) + 5) - (5 - 7)?
-20
What is 178 + -165 - (4 - (3 + 52) - (13 + -14))?
63
What is the value of (0 - (5 + 4)) + (-23 + 35 - 25)?
-22
33 - (-16 + -37 + 92)
-6
Evaluate 0 - 3 - (-26 + 13 + 8) - (-9 - 1).
12
What is the value of (27 - (15 + -27)) + 0 + 0 + 3?
42
Calculate 58 - (12 - (134 - 188)).
-8
Evaluate 104 + (34 - 53) - 46.
39
1 + -55 - (-4 - (-8 + 0)) - (10 + -11)
-57
-8 + (3 - 2) + (691 - 671)
13
Evaluate 6 - (81 - 11) - (48 - 69).
-43
Calculate -19 + 20 + -51 + (8 - (-1 - 1)).
-40
-108 + (-16 - (-212 + 88))
0
What is the value of -70 + 14 + -26 + (-16 - -8) + -4?
-94
What is 875 + -874 - (4 - 20)?
17
Evaluate -8 + -14 + (0 - 45) + 48.
-19
Calculate 67 + (-18 + -9 - -3).
43
What is the value of 11 + -1 - (-5 - (23 + -30) - 18)?
26
What is 2 - -1 - ((4 - 61) + 6 + (-201 - -209))?
46
What is the value of -8 - ((17 - -16 - 96) + -2 + 0 + 8)?
49
Evaluate -2 - ((-41 - (-56 - -14)) + 4 + -43).
36
What is (4 + 11 - (-2 + 15 - 56)) + -6?
52
46 + 41 + -100 + (38 - 2) + 13
36
273 + -271 + -3 + -5 + (1 - 0) - 67
-72
Calculate 16 + (6 + 1 - 47).
-24
-8 + 3 + -6 + 32 - 6
15
What is 1324 - 1321 - (1 - -8 - -2)?
-8
0 + 12 + 11 + -9 + 18
32
What is the value of (-10 - (17 + (-22 + -10 - -11))) + -4 + -63?
-73
What is 13 + (-3 - (-31 + 16) - (10 - 0))?
15
Calculate 6 - (-41 + 11 + 2 + -2) - 3.
33
What is the value of 5 - (42 + 4) - (-4 - (6 - -3))?
-28
What is 6 - (-140 - -126) - -60?
80
What is the value of 66 - 1 - ((4 + -9 - (40 - 62)) + -12)?
60
What is 4 + 10 + -124 + (19 - (20 + -19))?
-92
-15 + (-20 - -17) - -39 - (-5 - (-3 + 6))
29
Evaluate (46 - (13 - -41)) + (0 - 3) + 41.
30
(22 - (11 - (19 - 31))) + (-34 - 1)
-36
-2 - 102 - (-4069 - -4088)
-123
1 - ((10 - 9) + -3) - (142 + 3)
-142
Calculate (-60 + 30 - (-12 + -4)) + 86 + 0.
72
-6 + -34 + (678 - 662)
-24
What is the value of 79 + -25 + -34 - (-54 + 1)?
73
What is -19 - 36 - -38 - -80 - (-11 + -2)?
76
Calculate 10 - (-28 + (-21 - 2) + -1).
62
(-51 - -11) + (4 - (-17 + 4) - (-4 - -15))
-34
Calculate 7 - ((-1 + 3 - -19) + -21).
7
Calculate (-11 - -1) + -1 - (-483 - -476 - (0 - 1)).
-5
What is the value of (-1 - -30) + -524 + 474 - (48 + 3)?
-72
Calculate -1 - 40 - (-71 + -37 + 103).
-36
Evaluate (-42 - -72) + -30 + -1 + 45.
44
What is (-23 - (-81 - 13)) + -104?
-33
Calculate (-2 - -8) + -28 + (20 - (-22 - -42)).
-22
What is -3 - (3 - -2) - (1 - 6 - (-15 + 4))?
-14
What is the value of (-1 - 1 - 14) + (202 - (214 - 4))?
-24
What is the value of 20 - (6 - (12 + -6)) - (-51 + 44)?
27
Calculate 32 - 0 - (-14 + (17 - (16 + -6))).
39
Evaluate 2 + 73 + ((-3 - 6) + 3 - 2 - 0).
67
What is 16 - (-58 + -39) - 35?
78
What is the value of (-448 - -487) + (-28 - 3)?
8
Calculate -2 + -3 + 47 - (20 - (9 + -9 + 12)).
34
What is -65 - (49 - 23 - (9 - -3))?
-79
What is (10 - (-5 + 70 + -56 + 1 + -9)) + -25?
-16
3 + -40 + (-15 - (-48 + 18))
-22
What is the value of -2 - (-30 - (-11 + 22 + 12))?
51
-5 - (-1967 + 1962 - (8 - (0 - -2)))
6
Calculate (5 - 0) + -41 - (1813 - 1892).
43
What is the value of 91 + -25 + (6 - 13) + -17?
42
Evaluate -29 - (11 + -27) - 24.
-37
(167 + -6 - (-3 + 8)) + (13 - 20)
149
Calculate 3 - 1 - 14 - (-18 + 0 - (-546 + 540)).
0
Evaluate -14 - (14 + 2 - (4 + 72 + -1)).
45
Calculate -189 - (-201 - -75) - 84.
-147
What is 5 - -21 - (31 - 3 - -26)?
-28
(-11 - (22 - (6 + 22 + -20))) + 81
56
What is the value of -10 + 4 + (5 - 18) + (11 - 98) + -1?
-107
Calculate -12 - (-14 + -13 + 17 + -5 + -2).
5
What is 4 + -75 + (19 - -22) + -22?
-52
What is -86 - -184 - 40 - 113?
-55
5 + (69 - 69) + 47
52
What is the value of -140 + 73 + 105 + 33?
71
What is the value of 0 + -2 + 17 - (2285 + -2308)?
38
What is -7 + 26 + -20 + (-2 - -6) + -11?
-8
Calculate -31 - (-27 + -3) - (-4 - 1) - 43.
-39
Evaluate 46 + (-148 - (-121 + 42)).
-23
What is (-19 - (-22 - (3 - 10))) + 18?
14
What is -10 + 102 - (-165 - -209)?
48
What is the value of (-29 - -180) + (58 - 103)?
106
What is the value of -2 - 3 - (-28 + -4 + 6 + -29)?
50
What is 0 - (0 - -3) - (1237 + -1239)?
-1
What is -141 + (22 - ((-30 - -29) + -16))?
-102
Calculate ((-13 - 5) + 34 - 24) + (-3 - -2).
-9
16 - 61 - (49 - 72)
-22
What is the value of 73 + (-134 - -42 - -9)?
-10
Evaluate (17 - (-114 - -28)) + (-26 - (1 + -11)).
87
What is -202 + 196 - (1 - -2)?
-9
Calculate 19 - 58 - (-9 - 33).
3
What is 26 - (0 - 10 - (97 + -109) - (10 - 1))?
33
Calculate 4 + (5 - 12) + 8 + -14 + 76 + -24.
43
What is -1 + (1 - 0 - 0) - -8 - (-5232 + 5246)?
-6
What is -17 + -10 + 13 + (-29 - -40)?
-3
-1 + 129 + (-9 - (17 + -2 + (10 - 24)))
118
What is (-112 + 1 - -177) + -1 + 10?
75
Evaluate (-2 - ((-10 - -9) + (17 - 10))) + 55.
47
What is 13 + -26 + 11 + 1 + (-3 - 36)?
-40
What is 550 + -561 - (-2 - (-3 - 24))?
-36
Calculate -5 + (27 + (21 - 40) - 8).
-5
Evaluate -24 + ((0 - (8 - 6)) + 11 - -2 - 12).
-25
Calculate 53 - (-83 + 143) - (-89 - 3 - 3 - 1).
89
Calculate 606 - 554 - (3 + 2).
47
What is the value of (10 - (114 - 117 - (-17 + -5 + 10))) + 54?
55
What is the value of (-18 - (-4 - -19)) + 22 - 20?
-31
What is the value of 665 + -612 + (0 - 48)?
5
(-17 - -4) + 1 - (-159 + 146)
1
Calculate 26 + 0 - (147 + -143).
22
Evaluate 49 + -59 + (9 - -20).
19
Calculate 3 + -2 + -17 + 763 + -701.
46
What is the value of -120 - (14 - (207 - 95))?
-22
What is the value of (-19 - (-9 - (26 + -7))) + (1 - -9)?
19
Calculate -43 + 42 + -62 + 36 + -42.
-69
What is the value of -2 - -5 - 2 - 105 - ((35 - -16) + -61)?
-94
What is the value of -143 + 85 + -68 + 89?
-37
Calculate -9 - 37 - (-163 + -30).
147
Evaluate 19 - (0 - (-58 + 23)).
-16
What is 42 + 46 + -48 - 19?
21
Calculate 19 + -5 - (-19 + 19 - -19) - -41.
36
Evaluate (-1 - -1) + -43 + -8 - (-16 + 17 + 7).
-59
What is (-25 - -4) + 20 - (10 - (-3 - 60))?
-74
Evaluate -54 - 1 - (-3795 + 3778).
-38
What is the value of (-1 - 11) + -30 + (8 - -6) + 20 - -66?
58
What is -1021 - -880 - (2 - 159)?
16
6 + -2 + 14 + (-10 - -5) + -20 + 21
14
5 + -3 - (2 - (-40 - (-20 - -24)))
-44
Calculate -16 - -67 - (25 - 29).
55
Evaluate 14 + 37 + -74 + 59 + -2 + 59.
93
What is the value of (-1 + -1 - -3) + -10 + (734 - 326 - 455)?
-56
What is the value of -9 + -10 + (-1 - -16) - (-7 + -8 + 24)?
-13
Evaluate 21 - -29 - (-12 + 1 + 225 + -205).
41
-18 - 22 - (36 + (-42 - -3))
-37
What is -43 + 22 - 7 - (2 + 1 + 3)?
-34
Calculate 2 + ((12 - -7) + -15 - 75).
-69
Evaluate (5 - -4 - (-92 + 84)) + -61.
-44
What is the value of 20 + 29 + -131 + 87?
5
Calculate -18 + 0 + 5 + (-7 - (-3 - 4)).
-13
56 + -24 + (43 - 71)
4
What is the value of -13 + 22 + -39 + -23?
-53
Calculate (-8 - 61) + 17 - (-1 - -3 - 0).
-54
What is the value of 6 + (-109 - -123) + -18 + -2 - -17?
17
Evaluate -10 + 0 + 42 + -6 + -17 + 106 + -70.
45
What is 7 - (8 - (-2 + (-21 - -9)))?
-15
Calculate -7 - 0 - 4 - (7 + (-7 - -4)).
-15
What is (0 + 0 - 2) + (10 - (-8 + -20))?
36
What is the value of -29 + 10 + (2 + 24 - 16)?
-9
Calculate 0 + 0 - 27 - (-19 + 116 + -86).
-38
Evaluate -29 + 6 + -20 + 16 - (3 + -1 - -1).
-30
Calculate -37840 + 37746 + (2 - 16) + 2.
-106
What is the value of -36 + (-66 - -169) + -42?
25
Calculate -3 + -8 - (24 - (-30 + 20 + 9